late the highest common divisor of 304 and 19.
19
Calculate the greatest common factor of 20 and 20.
20
Calculate the highest common factor of 1288 and 112.
56
What is the greatest common factor of 18 and 522?
18
What is the highest common factor of 2320 and 348?
116
Calculate the greatest common factor of 205 and 2501.
41
What is the greatest common factor of 56 and 13594?
14
What is the greatest common divisor of 440 and 1914?
22
Calculate the greatest common divisor of 656 and 208.
16
What is the highest common divisor of 2915 and 110?
55
What is the highest common factor of 372 and 465?
93
What is the greatest common divisor of 8064 and 1596?
84
Calculate the highest common factor of 440 and 160.
40
What is the greatest common factor of 2982 and 42?
42
Calculate the highest common divisor of 21 and 21.
21
Calculate the highest common divisor of 825 and 2607.
33
What is the greatest common factor of 39 and 57?
3
What is the greatest common divisor of 43 and 602?
43
What is the highest common divisor of 23 and 437?
23
Calculate the greatest common factor of 100 and 850.
50
Calculate the greatest common factor of 4 and 124.
4
What is the greatest common divisor of 290 and 80?
10
What is the greatest common divisor of 1702 and 115?
23
Calculate the greatest common factor of 663 and 255.
51
Calculate the highest common divisor of 147 and 3.
3
What is the greatest common factor of 144 and 80208?
144
What is the greatest common divisor of 184 and 2599?
23
What is the highest common factor of 1133 and 103?
103
Calculate the highest common factor of 12600 and 675.
225
Calculate the greatest common divisor of 495 and 11.
11
What is the highest common factor of 7581 and 168?
21
What is the highest common divisor of 171 and 18?
9
What is the highest common divisor of 41 and 7380?
41
Calculate the greatest common factor of 324 and 48.
12
What is the highest common divisor of 160 and 120?
40
Calculate the highest common factor of 1690 and 20.
10
Calculate the highest common divisor of 684 and 30.
6
What is the highest common divisor of 10 and 470?
10
Calculate the highest common divisor of 156 and 2418.
78
What is the highest common divisor of 1677 and 78?
39
What is the highest common factor of 551 and 232?
29
What is the greatest common factor of 2366 and 182?
182
What is the highest common factor of 4312 and 882?
98
What is the highest common factor of 20 and 14360?
20
Calculate the highest common factor of 532 and 342.
38
What is the highest common factor of 22 and 7678?
22
Calculate the highest common divisor of 400 and 50.
50
Calculate the highest common factor of 126 and 70.
14
What is the greatest common factor of 16 and 9?
1
What is the greatest common divisor of 1534 and 826?
118
Calculate the highest common factor of 25 and 3000.
25
What is the greatest common factor of 221 and 65?
13
Calculate the greatest common factor of 6 and 38.
2
What is the greatest common divisor of 9520 and 70?
70
What is the highest common factor of 85 and 2635?
85
What is the highest common factor of 1417 and 481?
13
Calculate the greatest common divisor of 2451 and 57.
57
Calculate the greatest common divisor of 464 and 48.
16
What is the greatest common factor of 76 and 19?
19
What is the greatest common divisor of 4867 and 157?
157
What is the greatest common divisor of 627 and 187?
11
What is the greatest common factor of 8 and 472?
8
Calculate the highest common factor of 69 and 1541.
23
What is the highest common factor of 11 and 4059?
11
What is the greatest common factor of 50 and 1550?
50
Calculate the highest common divisor of 118 and 413.
59
Calculate the highest common factor of 50 and 6.
2
Calculate the greatest common factor of 1076 and 4.
4
Calculate the highest common factor of 3 and 19.
1
What is the greatest common divisor of 171 and 95?
19
What is the highest common divisor of 4116 and 12?
12
What is the highest common factor of 102 and 170?
34
What is the greatest common divisor of 1243 and 22?
11
Calculate the greatest common factor of 1406 and 74.
74
Calculate the greatest common divisor of 10 and 3830.
10
Calculate the greatest common factor of 36 and 1062.
18
Calculate the greatest common factor of 315 and 30.
15
What is the greatest common factor of 60 and 276?
12
Calculate the greatest common factor of 368 and 32.
16
Calculate the greatest common divisor of 671 and 61.
61
What is the greatest common divisor of 14320 and 32?
16
What is the greatest common divisor of 1199 and 176?
11
What is the greatest common factor of 9 and 54?
9
What is the highest common divisor of 1206 and 18?
18
What is the highest common divisor of 25 and 160?
5
Calculate the highest common divisor of 24 and 384.
24
Calculate the greatest common factor of 3346 and 112.
14
Calculate the greatest common factor of 679 and 119.
7
What is the highest common factor of 128 and 368?
16
Calculate the greatest common factor of 56 and 15736.
56
What is the greatest common divisor of 40746 and 6?
6
Calculate the highest common factor of 6889 and 166.
83
What is the greatest common divisor of 23504 and 416?
208
What is the highest common divisor of 11 and 2189?
11
What is the highest common divisor of 24 and 56?
8
Calculate the highest common divisor of 14476 and 1692.
188
What is the greatest common divisor of 2622 and 19?
19
What is the greatest common divisor of 4884 and 111?
111
What is the highest common divisor of 2 and 8?
2
Calculate the highest common factor of 700 and 25.
25
What is the highest common divisor of 22197 and 49?
49
Calculate the highest common factor of 1920 and 180.
60
Calculate the greatest common divisor of 1988 and 28.
28
What is the highest common factor of 190 and 20254?
38
What is the greatest common factor of 25 and 635?
5
Calculate the highest common factor of 19 and 57.
19
Calculate the highest common factor of 147 and 70.
7
What is the greatest common factor of 20055 and 21?
21
Calculate the greatest common factor of 16 and 184.
8
Calculate the highest common factor of 19 and 30647.
19
Calculate the greatest common divisor of 75 and 345.
15
What is the greatest common factor of 464 and 48?
16
Calculate the greatest common divisor of 198 and 126.
18
What is the highest common factor of 2523 and 174?
87
Calculate the greatest common factor of 55 and 121.
11
What is the highest common factor of 24 and 184?
8
What is the highest common factor of 110 and 4576?
22
What is the highest common divisor of 10668 and 7?
7
What is the highest common divisor of 1267 and 7?
7
Calculate the greatest common factor of 24 and 72.
24
Calculate the greatest common factor of 4 and 1436.
4
What is the greatest common factor of 303 and 1414?
101
What is the greatest common factor of 494 and 1026?
38
Calculate the highest common divisor of 1102 and 290.
58
What is the greatest common factor of 4 and 14428?
4
Calculate the greatest common factor of 320 and 128.
64
What is the greatest common divisor of 712 and 178?
178
What is the highest common divisor of 7257 and 123?
123
What is the greatest common divisor of 6538 and 238?
14
What is the greatest common divisor of 189 and 1359?
9
Calculate the greatest common divisor of 39468 and 132.
132
Calculate the greatest common factor of 481 and 37.
37
What is the highest common divisor of 24 and 1272?
24
Calculate the greatest common factor of 50 and 4570.
10
Calculate the greatest common factor of 1920 and 2640.
240
Calculate the greatest common factor of 16205 and 14.
7
Calculate the greatest common factor of 92 and 140.
4
What is the highest common factor of 35 and 80?
5
Calculate the greatest common factor of 2936 and 12.
4
Calculate the highest common divisor of 224 and 14.
14
What is the highest common factor of 2 and 202?
2
Calculate the greatest common divisor of 1204 and 196.
28
What is the highest common divisor of 2553 and 69?
69
Calculate the highest common divisor of 124 and 8.
4
What is the greatest common divisor of 11 and 77?
11
What is the highest common divisor of 45 and 123?
3
What is the greatest common divisor of 96 and 60?
12
What is the highest common factor of 16 and 14704?
16
What is the greatest common divisor of 90408 and 24?
24
What is the highest common factor of 63 and 14?
7
Calculate the grea